{"id":4782,"date":"2023-11-09T15:07:29","date_gmt":"2023-11-09T15:07:29","guid":{"rendered":"https:\/\/tedenloesopreis.nl\/?page_id=4782"},"modified":"2023-11-09T15:21:31","modified_gmt":"2023-11-09T15:21:31","slug":"2020-2-14-even-naar-polen","status":"publish","type":"page","link":"https:\/\/tedenloesopreis.nl\/index.php\/2020-2-14-even-naar-polen\/","title":{"rendered":"2020-2-14-EVEN NAAR POLEN"},"content":{"rendered":"\n<div class=\"wp-block-columns is-layout-flex wp-container-core-columns-is-layout-9d6595d7 wp-block-columns-is-layout-flex\">\n<div class=\"wp-block-column is-layout-flow wp-block-column-is-layout-flow\" style=\"flex-basis:33.33%\"><\/div>\n\n\n\n<div class=\"wp-block-column is-layout-flow wp-block-column-is-layout-flow\" style=\"flex-basis:66.66%\">\n<p><strong>Noord-Duitsland 2020 &nbsp; &nbsp; &nbsp; dag 14 &nbsp; &nbsp; &nbsp; zo 6 september 2020 &nbsp; &nbsp; &nbsp;  <\/strong><br><strong>\u00dcckeritz &#8211; \u015awinouj\u015bcie v.v. &nbsp;<\/strong><br><br><\/p>\n<\/div>\n<\/div>\n\n\n\n<div class=\"wp-block-columns is-layout-flex wp-container-core-columns-is-layout-9d6595d7 wp-block-columns-is-layout-flex\">\n<div class=\"wp-block-column is-layout-flow wp-block-column-is-layout-flow\" style=\"flex-basis:33.33%\"><\/div>\n\n\n\n<div class=\"wp-block-column is-layout-flow wp-block-column-is-layout-flow\" style=\"flex-basis:66.66%\">\n<p style=\"font-size:19px\"><strong>EVEN NAAR POLEN<\/strong><\/p>\n<\/div>\n<\/div>\n\n\n\n<div style=\"height:25px\" aria-hidden=\"true\" class=\"wp-block-spacer\"><\/div>\n\n\n\n<div class=\"wp-block-columns is-layout-flex wp-container-core-columns-is-layout-9d6595d7 wp-block-columns-is-layout-flex\">\n<div class=\"wp-block-column is-layout-flow wp-block-column-is-layout-flow\" style=\"flex-basis:33.33%\"><\/div>\n\n\n\n<div class=\"wp-block-column is-layout-flow wp-block-column-is-layout-flow\" style=\"flex-basis:66.66%\">\n<p>Voor badgasten is er op Usedom behoorlijk wat vertier. Zo is er van Bansin, via Heringsdorf en Ahlbeck, tot het Poolse \u015awinouj\u015bcie een doorgaande promenade, ruim 10 km lang. Deze promenade kent een paar groene stukken, maar is verder flink voorzien van hotels en (te huren) villa\u2019s. De meeste villa\u2019s stammen nog uit de twintiger en dertiger jaren van de vorige eeuw, toen welgestelde Berlijners een \u201cstulpje aan de kust\u201d lieten bouwen. Ook verschillende hotels stammen uit die (deftige) tijd.<\/p>\n\n\n\n<p>We nemen ons voor om in Polen een hapje te eten. We hebben vooral trek in die heerlijke Poolse rauwkostsalades. Daarom beginnen we op tijd, &nbsp;om 10:30, aan het eerste stuk: langs de plaatselijke hoofdweg naar het statige begin van de promenade in Bansin. Weer 7,5 km verder komen we aan de Duits-Poolse grens. Vroeger werd deze grens streng bewaakt, getuige de nog steeds aanwezige kale strook grond tussen beide landen. Nu is het vooral een plek om foto\u2019s te maken. Zo\u2019n 3 km verder is het einde van de promenade. Het is hier veel minder statig dan in het Duitse deel. De nog aanwezige villa\u2019s (\u015awinouj\u015bcie was destijds als Swinem\u00fcnde een belangrijke Duitse stad) zijn behoorlijk vervallen.<\/p>\n<\/div>\n<\/div>\n\n\n\n<div class=\"wp-block-columns is-layout-flex wp-container-core-columns-is-layout-9d6595d7 wp-block-columns-is-layout-flex\">\n<div class=\"wp-block-column is-layout-flow wp-block-column-is-layout-flow\">\n<figure class=\"wp-block-image size-large\"><a href=\"https:\/\/tedenloesopreis.nl\/wp-content\/uploads\/2023\/11\/IMG_1642-scaled.jpeg\" target=\"_blank\" rel=\"noreferrer noopener\"><img loading=\"lazy\" decoding=\"async\" width=\"1024\" height=\"768\" src=\"https:\/\/tedenloesopreis.nl\/wp-content\/uploads\/2023\/11\/IMG_1642-1024x768.jpeg\" alt=\"\" class=\"wp-image-4783\" srcset=\"https:\/\/tedenloesopreis.nl\/wp-content\/uploads\/2023\/11\/IMG_1642-1024x768.jpeg 1024w, https:\/\/tedenloesopreis.nl\/wp-content\/uploads\/2023\/11\/IMG_1642-300x225.jpeg 300w, https:\/\/tedenloesopreis.nl\/wp-content\/uploads\/2023\/11\/IMG_1642-768x576.jpeg 768w, https:\/\/tedenloesopreis.nl\/wp-content\/uploads\/2023\/11\/IMG_1642-1536x1152.jpeg 1536w, https:\/\/tedenloesopreis.nl\/wp-content\/uploads\/2023\/11\/IMG_1642-2048x1536.jpeg 2048w\" sizes=\"auto, (max-width: 1024px) 100vw, 1024px\" \/><\/a><figcaption class=\"wp-element-caption\"><em>het statige begin van de promenade in Bansin<\/em><\/figcaption><\/figure>\n<\/div>\n\n\n\n<div class=\"wp-block-column is-layout-flow wp-block-column-is-layout-flow\">\n<figure class=\"wp-block-image size-large\"><a href=\"https:\/\/tedenloesopreis.nl\/wp-content\/uploads\/2023\/11\/IMG_1643-scaled.jpeg\" target=\"_blank\" rel=\"noreferrer noopener\"><img loading=\"lazy\" decoding=\"async\" width=\"768\" height=\"1024\" src=\"https:\/\/tedenloesopreis.nl\/wp-content\/uploads\/2023\/11\/IMG_1643-768x1024.jpeg\" alt=\"\" class=\"wp-image-4784\" srcset=\"https:\/\/tedenloesopreis.nl\/wp-content\/uploads\/2023\/11\/IMG_1643-768x1024.jpeg 768w, https:\/\/tedenloesopreis.nl\/wp-content\/uploads\/2023\/11\/IMG_1643-225x300.jpeg 225w, https:\/\/tedenloesopreis.nl\/wp-content\/uploads\/2023\/11\/IMG_1643-1152x1536.jpeg 1152w, https:\/\/tedenloesopreis.nl\/wp-content\/uploads\/2023\/11\/IMG_1643-1536x2048.jpeg 1536w, https:\/\/tedenloesopreis.nl\/wp-content\/uploads\/2023\/11\/IMG_1643-scaled.jpeg 1920w\" sizes=\"auto, (max-width: 768px) 100vw, 768px\" \/><\/a><figcaption class=\"wp-element-caption\"><em>de Duits-Poolse grens<\/em><\/figcaption><\/figure>\n<\/div>\n\n\n\n<div class=\"wp-block-column is-layout-flow wp-block-column-is-layout-flow\">\n<figure class=\"wp-block-image size-large\"><a href=\"https:\/\/tedenloesopreis.nl\/wp-content\/uploads\/2023\/11\/IMG_1648-scaled.jpeg\" target=\"_blank\" rel=\"noreferrer noopener\"><img loading=\"lazy\" decoding=\"async\" width=\"1024\" height=\"768\" src=\"https:\/\/tedenloesopreis.nl\/wp-content\/uploads\/2023\/11\/IMG_1648-1024x768.jpeg\" alt=\"\" class=\"wp-image-4785\" srcset=\"https:\/\/tedenloesopreis.nl\/wp-content\/uploads\/2023\/11\/IMG_1648-1024x768.jpeg 1024w, https:\/\/tedenloesopreis.nl\/wp-content\/uploads\/2023\/11\/IMG_1648-300x225.jpeg 300w, https:\/\/tedenloesopreis.nl\/wp-content\/uploads\/2023\/11\/IMG_1648-768x576.jpeg 768w, https:\/\/tedenloesopreis.nl\/wp-content\/uploads\/2023\/11\/IMG_1648-1536x1152.jpeg 1536w, https:\/\/tedenloesopreis.nl\/wp-content\/uploads\/2023\/11\/IMG_1648-2048x1536.jpeg 2048w\" sizes=\"auto, (max-width: 1024px) 100vw, 1024px\" \/><\/a><figcaption class=\"wp-element-caption\"><em>Pools einde van de promenade: breed en sfeerloos<\/em><\/figcaption><\/figure>\n<\/div>\n<\/div>\n\n\n\n<div class=\"wp-block-columns is-layout-flex wp-container-core-columns-is-layout-9d6595d7 wp-block-columns-is-layout-flex\">\n<div class=\"wp-block-column is-layout-flow wp-block-column-is-layout-flow\" style=\"flex-basis:33.33%\"><\/div>\n\n\n\n<div class=\"wp-block-column is-layout-flow wp-block-column-is-layout-flow\" style=\"flex-basis:66.66%\">\n<p>Uit eten kost in Polen nog steeds geen drol. We zijn, incl een ruime fooi voor de Poolse serveerster, voor \u20ac23,00 klaar. De rauwkostsalade is ouderwets lekker.<\/p>\n\n\n\n<p>Eenmaal terug in Bansin laten we het fietspad langs de hoofdweg links liggen. We rijden door de bossen langs de kust naar \u00dcckeritz-strand (dat is niets meer dan een verzameling strandtenten). Vervolgens steken we het eiland over (dat is hier ongeveer 2 km breed) naar de camping.<br><br><\/p>\n<\/div>\n<\/div>\n\n\n\n<div class=\"wp-block-columns is-layout-flex wp-container-core-columns-is-layout-9d6595d7 wp-block-columns-is-layout-flex\">\n<div class=\"wp-block-column is-layout-flow wp-block-column-is-layout-flow\">\n<p><em><a href=\"https:\/\/tedenloesopreis.nl\/index.php\/2020-2-13-toch-een-plek-op-usedom\/\">vorig verslag<br><\/a><\/em><br><br><br><br><br><br><br><br><br><br><br><br><br><br><br><br><br><br><br><br><br><br><br><br><br><br><br><br><br><br><br><br><\/p>\n<\/div>\n\n\n\n<div class=\"wp-block-column is-layout-flow wp-block-column-is-layout-flow\">\n<p class=\"has-text-align-center\"><em><a href=\"https:\/\/tedenloesopreis.nl\/index.php\/2020-2-00c-naar-het-oosten\/\">Naar het oosten<\/a><\/em><\/p>\n<\/div>\n\n\n\n<div class=\"wp-block-column is-layout-flow wp-block-column-is-layout-flow\">\n<p class=\"has-text-align-right\"><em><a href=\"https:\/\/tedenloesopreis.nl\/index.php\/2020-2-15-rondje-koserow\/\">volgend verslag<\/a><\/em><\/p>\n<\/div>\n<\/div>\n","protected":false},"excerpt":{"rendered":"<p>Noord-Duitsland 2020 &nbsp; &nbsp; &nbsp; dag 14 &nbsp; &nbsp; &nbsp; zo 6 september 2020 &nbsp; &nbsp; &nbsp; \u00dcckeritz &#8211; \u015awinouj\u015bcie v.v. &nbsp; EVEN NAAR POLEN Voor badgasten is [&hellip;]<\/p>\n","protected":false},"author":1,"featured_media":0,"parent":0,"menu_order":0,"comment_status":"closed","ping_status":"closed","template":"","meta":{"footnotes":""},"class_list":["post-4782","page","type-page","status-publish","hentry"],"_links":{"self":[{"href":"https:\/\/tedenloesopreis.nl\/index.php\/wp-json\/wp\/v2\/pages\/4782","targetHints":{"allow":["GET"]}}],"collection":[{"href":"https:\/\/tedenloesopreis.nl\/index.php\/wp-json\/wp\/v2\/pages"}],"about":[{"href":"https:\/\/tedenloesopreis.nl\/index.php\/wp-json\/wp\/v2\/types\/page"}],"author":[{"embeddable":true,"href":"https:\/\/tedenloesopreis.nl\/index.php\/wp-json\/wp\/v2\/users\/1"}],"replies":[{"embeddable":true,"href":"https:\/\/tedenloesopreis.nl\/index.php\/wp-json\/wp\/v2\/comments?post=4782"}],"version-history":[{"count":4,"href":"https:\/\/tedenloesopreis.nl\/index.php\/wp-json\/wp\/v2\/pages\/4782\/revisions"}],"predecessor-version":[{"id":4803,"href":"https:\/\/tedenloesopreis.nl\/index.php\/wp-json\/wp\/v2\/pages\/4782\/revisions\/4803"}],"wp:attachment":[{"href":"https:\/\/tedenloesopreis.nl\/index.php\/wp-json\/wp\/v2\/media?parent=4782"}],"curies":[{"name":"wp","href":"https:\/\/api.w.org\/{rel}","templated":true}]}}

<div class="wp-block-columns is-layout-flex wp-container-core-columns-is-layout-9d6595d7 wp-block-columns-is-layout-flex">
<div class="wp-block-column is-layout-flow wp-block-column-is-layout-flow" style="flex-basis:33.33%"></div>



<div class="wp-block-column is-layout-flow wp-block-column-is-layout-flow" style="flex-basis:66.66%">
<p><strong>Noord-Duitsland 2020 &nbsp; &nbsp; &nbsp; dag 14 &nbsp; &nbsp; &nbsp; zo 6 september 2020 &nbsp; &nbsp; &nbsp;  </strong><br><strong>Ückeritz &#8211; Świnoujście v.v. &nbsp;</strong><br><br></p>
</div>
</div>



<div class="wp-block-columns is-layout-flex wp-container-core-columns-is-layout-9d6595d7 wp-block-columns-is-layout-flex">
<div class="wp-block-column is-layout-flow wp-block-column-is-layout-flow" style="flex-basis:33.33%"></div>



<div class="wp-block-column is-layout-flow wp-block-column-is-layout-flow" style="flex-basis:66.66%">
<p style="font-size:19px"><strong>EVEN NAAR POLEN</strong></p>
</div>
</div>



<div style="height:25px" aria-hidden="true" class="wp-block-spacer"></div>



<div class="wp-block-columns is-layout-flex wp-container-core-columns-is-layout-9d6595d7 wp-block-columns-is-layout-flex">
<div class="wp-block-column is-layout-flow wp-block-column-is-layout-flow" style="flex-basis:33.33%"></div>



<div class="wp-block-column is-layout-flow wp-block-column-is-layout-flow" style="flex-basis:66.66%">
<p>Voor badgasten is er op Usedom behoorlijk wat vertier. Zo is er van Bansin, via Heringsdorf en Ahlbeck, tot het Poolse Świnoujście een doorgaande promenade, ruim 10 km lang. Deze promenade kent een paar groene stukken, maar is verder flink voorzien van hotels en (te huren) villa’s. De meeste villa’s stammen nog uit de twintiger en dertiger jaren van de vorige eeuw, toen welgestelde Berlijners een “stulpje aan de kust” lieten bouwen. Ook verschillende hotels stammen uit die (deftige) tijd.</p>



<p>We nemen ons voor om in Polen een hapje te eten. We hebben vooral trek in die heerlijke Poolse rauwkostsalades. Daarom beginnen we op tijd, &nbsp;om 10:30, aan het eerste stuk: langs de plaatselijke hoofdweg naar het statige begin van de promenade in Bansin. Weer 7,5 km verder komen we aan de Duits-Poolse grens. Vroeger werd deze grens streng bewaakt, getuige de nog steeds aanwezige kale strook grond tussen beide landen. Nu is het vooral een plek om foto’s te maken. Zo’n 3 km verder is het einde van de promenade. Het is hier veel minder statig dan in het Duitse deel. De nog aanwezige villa’s (Świnoujście was destijds als Swinemünde een belangrijke Duitse stad) zijn behoorlijk vervallen.</p>
</div>
</div>



<div class="wp-block-columns is-layout-flex wp-container-core-columns-is-layout-9d6595d7 wp-block-columns-is-layout-flex">
<div class="wp-block-column is-layout-flow wp-block-column-is-layout-flow">
<figure class="wp-block-image size-large"><a href="https://tedenloesopreis.nl/wp-content/uploads/2023/11/IMG_1642-scaled.jpeg" target="_blank" rel="noreferrer noopener"><img loading="lazy" decoding="async" width="1024" height="768" src="https://tedenloesopreis.nl/wp-content/uploads/2023/11/IMG_1642-1024x768.jpeg" alt="" class="wp-image-4783" srcset="https://tedenloesopreis.nl/wp-content/uploads/2023/11/IMG_1642-1024x768.jpeg 1024w, https://tedenloesopreis.nl/wp-content/uploads/2023/11/IMG_1642-300x225.jpeg 300w, https://tedenloesopreis.nl/wp-content/uploads/2023/11/IMG_1642-768x576.jpeg 768w, https://tedenloesopreis.nl/wp-content/uploads/2023/11/IMG_1642-1536x1152.jpeg 1536w, https://tedenloesopreis.nl/wp-content/uploads/2023/11/IMG_1642-2048x1536.jpeg 2048w" sizes="auto, (max-width: 1024px) 100vw, 1024px" /></a><figcaption class="wp-element-caption"><em>het statige begin van de promenade in Bansin</em></figcaption></figure>
</div>



<div class="wp-block-column is-layout-flow wp-block-column-is-layout-flow">
<figure class="wp-block-image size-large"><a href="https://tedenloesopreis.nl/wp-content/uploads/2023/11/IMG_1643-scaled.jpeg" target="_blank" rel="noreferrer noopener"><img loading="lazy" decoding="async" width="768" height="1024" src="https://tedenloesopreis.nl/wp-content/uploads/2023/11/IMG_1643-768x1024.jpeg" alt="" class="wp-image-4784" srcset="https://tedenloesopreis.nl/wp-content/uploads/2023/11/IMG_1643-768x1024.jpeg 768w, https://tedenloesopreis.nl/wp-content/uploads/2023/11/IMG_1643-225x300.jpeg 225w, https://tedenloesopreis.nl/wp-content/uploads/2023/11/IMG_1643-1152x1536.jpeg 1152w, https://tedenloesopreis.nl/wp-content/uploads/2023/11/IMG_1643-1536x2048.jpeg 1536w, https://tedenloesopreis.nl/wp-content/uploads/2023/11/IMG_1643-scaled.jpeg 1920w" sizes="auto, (max-width: 768px) 100vw, 768px" /></a><figcaption class="wp-element-caption"><em>de Duits-Poolse grens</em></figcaption></figure>
</div>



<div class="wp-block-column is-layout-flow wp-block-column-is-layout-flow">
<figure class="wp-block-image size-large"><a href="https://tedenloesopreis.nl/wp-content/uploads/2023/11/IMG_1648-scaled.jpeg" target="_blank" rel="noreferrer noopener"><img loading="lazy" decoding="async" width="1024" height="768" src="https://tedenloesopreis.nl/wp-content/uploads/2023/11/IMG_1648-1024x768.jpeg" alt="" class="wp-image-4785" srcset="https://tedenloesopreis.nl/wp-content/uploads/2023/11/IMG_1648-1024x768.jpeg 1024w, https://tedenloesopreis.nl/wp-content/uploads/2023/11/IMG_1648-300x225.jpeg 300w, https://tedenloesopreis.nl/wp-content/uploads/2023/11/IMG_1648-768x576.jpeg 768w, https://tedenloesopreis.nl/wp-content/uploads/2023/11/IMG_1648-1536x1152.jpeg 1536w, https://tedenloesopreis.nl/wp-content/uploads/2023/11/IMG_1648-2048x1536.jpeg 2048w" sizes="auto, (max-width: 1024px) 100vw, 1024px" /></a><figcaption class="wp-element-caption"><em>Pools einde van de promenade: breed en sfeerloos</em></figcaption></figure>
</div>
</div>



<div class="wp-block-columns is-layout-flex wp-container-core-columns-is-layout-9d6595d7 wp-block-columns-is-layout-flex">
<div class="wp-block-column is-layout-flow wp-block-column-is-layout-flow" style="flex-basis:33.33%"></div>



<div class="wp-block-column is-layout-flow wp-block-column-is-layout-flow" style="flex-basis:66.66%">
<p>Uit eten kost in Polen nog steeds geen drol. We zijn, incl een ruime fooi voor de Poolse serveerster, voor €23,00 klaar. De rauwkostsalade is ouderwets lekker.</p>



<p>Eenmaal terug in Bansin laten we het fietspad langs de hoofdweg links liggen. We rijden door de bossen langs de kust naar Ückeritz-strand (dat is niets meer dan een verzameling strandtenten). Vervolgens steken we het eiland over (dat is hier ongeveer 2 km breed) naar de camping.<br><br></p>
</div>
</div>



<div class="wp-block-columns is-layout-flex wp-container-core-columns-is-layout-9d6595d7 wp-block-columns-is-layout-flex">
<div class="wp-block-column is-layout-flow wp-block-column-is-layout-flow">
<p><em><a href="https://tedenloesopreis.nl/index.php/2020-2-13-toch-een-plek-op-usedom/">vorig verslag<br></a></em><br><br><br><br><br><br><br><br><br><br><br><br><br><br><br><br><br><br><br><br><br><br><br><br><br><br><br><br><br><br><br><br></p>
</div>



<div class="wp-block-column is-layout-flow wp-block-column-is-layout-flow">
<p class="has-text-align-center"><em><a href="https://tedenloesopreis.nl/index.php/2020-2-00c-naar-het-oosten/">Naar het oosten</a></em></p>
</div>



<div class="wp-block-column is-layout-flow wp-block-column-is-layout-flow">
<p class="has-text-align-right"><em><a href="https://tedenloesopreis.nl/index.php/2020-2-15-rondje-koserow/">volgend verslag</a></em></p>
</div>
</div>

<p>Noord-Duitsland 2020 &nbsp; &nbsp; &nbsp; dag 14 &nbsp; &nbsp; &nbsp; zo 6 september 2020 &nbsp; &nbsp; &nbsp; Ückeritz &#8211; Świnoujście v.v. &nbsp; EVEN NAAR POLEN Voor badgasten is [&hellip;]</p>
