{"id":4792,"date":"2023-11-09T15:17:01","date_gmt":"2023-11-09T15:17:01","guid":{"rendered":"https:\/\/tedenloesopreis.nl\/?page_id=4792"},"modified":"2023-11-09T17:54:52","modified_gmt":"2023-11-09T17:54:52","slug":"2020-2-15-rondje-koserow","status":"publish","type":"page","link":"https:\/\/tedenloesopreis.nl\/index.php\/2020-2-15-rondje-koserow\/","title":{"rendered":"2020-2-15-RONDJE KOSEROW"},"content":{"rendered":"\n<div class=\"wp-block-columns is-layout-flex wp-container-core-columns-is-layout-9d6595d7 wp-block-columns-is-layout-flex\">\n<div class=\"wp-block-column is-layout-flow wp-block-column-is-layout-flow\" style=\"flex-basis:33.33%\"><\/div>\n\n\n\n<div class=\"wp-block-column is-layout-flow wp-block-column-is-layout-flow\" style=\"flex-basis:66.66%\">\n<p><strong>Noord-Duitsland 2020 &nbsp; &nbsp; &nbsp; dag 15 &nbsp; &nbsp; &nbsp; ma 7 september 2020 &nbsp; &nbsp; &nbsp;&nbsp;<\/strong><br><strong>\u00dcckeritz &#8211; Koserow v.v. &nbsp;<\/strong><br><br><strong> &nbsp;<\/strong><\/p>\n<\/div>\n<\/div>\n\n\n\n<div class=\"wp-block-columns is-layout-flex wp-container-core-columns-is-layout-9d6595d7 wp-block-columns-is-layout-flex\">\n<div class=\"wp-block-column is-layout-flow wp-block-column-is-layout-flow\" style=\"flex-basis:33.33%\"><\/div>\n\n\n\n<div class=\"wp-block-column is-layout-flow wp-block-column-is-layout-flow\" style=\"flex-basis:66.66%\">\n<p style=\"font-size:22px\"><strong>RONDJE KOSEROW<\/strong><\/p>\n<\/div>\n<\/div>\n\n\n\n<div style=\"height:25px\" aria-hidden=\"true\" class=\"wp-block-spacer\"><\/div>\n\n\n\n<div class=\"wp-block-columns is-layout-flex wp-container-core-columns-is-layout-9d6595d7 wp-block-columns-is-layout-flex\">\n<div class=\"wp-block-column is-layout-flow wp-block-column-is-layout-flow\" style=\"flex-basis:33.33%\"><\/div>\n\n\n\n<div class=\"wp-block-column is-layout-flow wp-block-column-is-layout-flow\" style=\"flex-basis:66.66%\">\n<p>We besteden de ochtend aan allerlei huishoudelijke zaken. Na de lunch stappen we op de fiets voor een klein rondje in westelijke richting: langs de zuidkust naar Koserow en langs de noordkust weer terug.<\/p>\n\n\n\n<p>We maakten dit rondje op advies van de mevrouw van de receptie. Volgens haar hebben ze bij Caf\u00e9 Moritz in Koserow de lekkerste taart van Usedom. En ze heeft gelijk.&nbsp;De taart van Caf\u00e9 Moritz is erg lekker. Loes kiest voor Eierlik\u00f6rsahnetorte en Ted voor Quarksahnetorte.<br><br>De zuidkust, aan het Achterwasser, is maar een metertje hoog. Daarom zie je daar, als de wind goed staat, veel kitesurfers. De noordkust, aan de Oostzee, is hoger, zo\u2019n 25 meter op het stuk dat wij vandaag bezoeken. De kust is er ook vrij steil. Voor de veiligheid van de badgasten is er een fraaie \u201cStrandabgang\u201d gebouwd.<\/p>\n<\/div>\n<\/div>\n\n\n\n<div class=\"wp-block-columns is-layout-flex wp-container-core-columns-is-layout-9d6595d7 wp-block-columns-is-layout-flex\">\n<div class=\"wp-block-column is-layout-flow wp-block-column-is-layout-flow\"><\/div>\n\n\n\n<div class=\"wp-block-column is-layout-flow wp-block-column-is-layout-flow\">\n<figure class=\"wp-block-image size-large\"><a href=\"https:\/\/tedenloesopreis.nl\/wp-content\/uploads\/2023\/11\/IMG_1650-scaled.jpeg\" target=\"_blank\" rel=\"noreferrer noopener\"><img loading=\"lazy\" decoding=\"async\" width=\"1024\" height=\"768\" src=\"https:\/\/tedenloesopreis.nl\/wp-content\/uploads\/2023\/11\/IMG_1650-1024x768.jpeg\" alt=\"\" class=\"wp-image-4793\" srcset=\"https:\/\/tedenloesopreis.nl\/wp-content\/uploads\/2023\/11\/IMG_1650-1024x768.jpeg 1024w, https:\/\/tedenloesopreis.nl\/wp-content\/uploads\/2023\/11\/IMG_1650-300x225.jpeg 300w, https:\/\/tedenloesopreis.nl\/wp-content\/uploads\/2023\/11\/IMG_1650-768x576.jpeg 768w, https:\/\/tedenloesopreis.nl\/wp-content\/uploads\/2023\/11\/IMG_1650-1536x1152.jpeg 1536w, https:\/\/tedenloesopreis.nl\/wp-content\/uploads\/2023\/11\/IMG_1650-2048x1536.jpeg 2048w\" sizes=\"auto, (max-width: 1024px) 100vw, 1024px\" \/><\/a><figcaption class=\"wp-element-caption\"><em>de Oostzee vanaf Usedom<\/em><\/figcaption><\/figure>\n<\/div>\n\n\n\n<div class=\"wp-block-column is-layout-flow wp-block-column-is-layout-flow\">\n<figure class=\"wp-block-image size-large\"><a href=\"https:\/\/tedenloesopreis.nl\/wp-content\/uploads\/2023\/11\/IMG_1651-scaled.jpeg\" target=\"_blank\" rel=\"noreferrer noopener\"><img loading=\"lazy\" decoding=\"async\" width=\"768\" height=\"1024\" src=\"https:\/\/tedenloesopreis.nl\/wp-content\/uploads\/2023\/11\/IMG_1651-768x1024.jpeg\" alt=\"\" class=\"wp-image-4794\" srcset=\"https:\/\/tedenloesopreis.nl\/wp-content\/uploads\/2023\/11\/IMG_1651-768x1024.jpeg 768w, https:\/\/tedenloesopreis.nl\/wp-content\/uploads\/2023\/11\/IMG_1651-225x300.jpeg 225w, https:\/\/tedenloesopreis.nl\/wp-content\/uploads\/2023\/11\/IMG_1651-1152x1536.jpeg 1152w, https:\/\/tedenloesopreis.nl\/wp-content\/uploads\/2023\/11\/IMG_1651-1536x2048.jpeg 1536w, https:\/\/tedenloesopreis.nl\/wp-content\/uploads\/2023\/11\/IMG_1651-scaled.jpeg 1920w\" sizes=\"auto, (max-width: 768px) 100vw, 768px\" \/><\/a><figcaption class=\"wp-element-caption\"><em>Strandabgang op Usedom<\/em><\/figcaption><\/figure>\n<\/div>\n<\/div>\n\n\n\n<div class=\"wp-block-columns is-layout-flex wp-container-core-columns-is-layout-9d6595d7 wp-block-columns-is-layout-flex\">\n<div class=\"wp-block-column is-layout-flow wp-block-column-is-layout-flow\" style=\"flex-basis:33.33%\"><\/div>\n\n\n\n<div class=\"wp-block-column is-layout-flow wp-block-column-is-layout-flow\" style=\"flex-basis:66.66%\">\n<p>Morgen verlaten we Usedom. Wat onze volgende bestemming is, hangt af van de aanwezigheid van vrije plaatsen.<br><br><\/p>\n<\/div>\n<\/div>\n\n\n\n<div class=\"wp-block-columns is-layout-flex wp-container-core-columns-is-layout-9d6595d7 wp-block-columns-is-layout-flex\">\n<div class=\"wp-block-column is-layout-flow wp-block-column-is-layout-flow\">\n<p><em><a href=\"https:\/\/tedenloesopreis.nl\/index.php\/2020-2-14-even-naar-polen\/\">vorig verslag<br><\/a><\/em><br><br><br><br><br><br><br><br><br><br><br><br><br><br><br><br><br><br><br><br><br><br><br><br><br><br><br><br><br><br><\/p>\n<\/div>\n\n\n\n<div class=\"wp-block-column is-layout-flow wp-block-column-is-layout-flow\">\n<p class=\"has-text-align-center\"><em><a href=\"https:\/\/tedenloesopreis.nl\/index.php\/2020-2-00c-naar-het-oosten\/\">Naar het oosten<\/a><\/em><\/p>\n<\/div>\n\n\n\n<div class=\"wp-block-column is-layout-flow wp-block-column-is-layout-flow\">\n<p class=\"has-text-align-right\"><em><a href=\"https:\/\/tedenloesopreis.nl\/index.php\/2020-2-16-dagje-baksteengotiek\/\">volgend verslag<\/a><\/em><\/p>\n<\/div>\n<\/div>\n","protected":false},"excerpt":{"rendered":"<p>Noord-Duitsland 2020 &nbsp; &nbsp; &nbsp; dag 15 &nbsp; &nbsp; &nbsp; ma 7 september 2020 &nbsp; &nbsp; &nbsp;&nbsp;\u00dcckeritz &#8211; Koserow v.v. &nbsp; &nbsp; RONDJE KOSEROW We besteden de ochtend [&hellip;]<\/p>\n","protected":false},"author":1,"featured_media":0,"parent":0,"menu_order":0,"comment_status":"closed","ping_status":"closed","template":"","meta":{"footnotes":""},"class_list":["post-4792","page","type-page","status-publish","hentry"],"_links":{"self":[{"href":"https:\/\/tedenloesopreis.nl\/index.php\/wp-json\/wp\/v2\/pages\/4792","targetHints":{"allow":["GET"]}}],"collection":[{"href":"https:\/\/tedenloesopreis.nl\/index.php\/wp-json\/wp\/v2\/pages"}],"about":[{"href":"https:\/\/tedenloesopreis.nl\/index.php\/wp-json\/wp\/v2\/types\/page"}],"author":[{"embeddable":true,"href":"https:\/\/tedenloesopreis.nl\/index.php\/wp-json\/wp\/v2\/users\/1"}],"replies":[{"embeddable":true,"href":"https:\/\/tedenloesopreis.nl\/index.php\/wp-json\/wp\/v2\/comments?post=4792"}],"version-history":[{"count":3,"href":"https:\/\/tedenloesopreis.nl\/index.php\/wp-json\/wp\/v2\/pages\/4792\/revisions"}],"predecessor-version":[{"id":4828,"href":"https:\/\/tedenloesopreis.nl\/index.php\/wp-json\/wp\/v2\/pages\/4792\/revisions\/4828"}],"wp:attachment":[{"href":"https:\/\/tedenloesopreis.nl\/index.php\/wp-json\/wp\/v2\/media?parent=4792"}],"curies":[{"name":"wp","href":"https:\/\/api.w.org\/{rel}","templated":true}]}}

<div class="wp-block-columns is-layout-flex wp-container-core-columns-is-layout-9d6595d7 wp-block-columns-is-layout-flex">
<div class="wp-block-column is-layout-flow wp-block-column-is-layout-flow" style="flex-basis:33.33%"></div>



<div class="wp-block-column is-layout-flow wp-block-column-is-layout-flow" style="flex-basis:66.66%">
<p><strong>Noord-Duitsland 2020 &nbsp; &nbsp; &nbsp; dag 15 &nbsp; &nbsp; &nbsp; ma 7 september 2020 &nbsp; &nbsp; &nbsp;&nbsp;</strong><br><strong>Ückeritz &#8211; Koserow v.v. &nbsp;</strong><br><br><strong> &nbsp;</strong></p>
</div>
</div>



<div class="wp-block-columns is-layout-flex wp-container-core-columns-is-layout-9d6595d7 wp-block-columns-is-layout-flex">
<div class="wp-block-column is-layout-flow wp-block-column-is-layout-flow" style="flex-basis:33.33%"></div>



<div class="wp-block-column is-layout-flow wp-block-column-is-layout-flow" style="flex-basis:66.66%">
<p style="font-size:22px"><strong>RONDJE KOSEROW</strong></p>
</div>
</div>



<div style="height:25px" aria-hidden="true" class="wp-block-spacer"></div>



<div class="wp-block-columns is-layout-flex wp-container-core-columns-is-layout-9d6595d7 wp-block-columns-is-layout-flex">
<div class="wp-block-column is-layout-flow wp-block-column-is-layout-flow" style="flex-basis:33.33%"></div>



<div class="wp-block-column is-layout-flow wp-block-column-is-layout-flow" style="flex-basis:66.66%">
<p>We besteden de ochtend aan allerlei huishoudelijke zaken. Na de lunch stappen we op de fiets voor een klein rondje in westelijke richting: langs de zuidkust naar Koserow en langs de noordkust weer terug.</p>



<p>We maakten dit rondje op advies van de mevrouw van de receptie. Volgens haar hebben ze bij Café Moritz in Koserow de lekkerste taart van Usedom. En ze heeft gelijk.&nbsp;De taart van Café Moritz is erg lekker. Loes kiest voor Eierlikörsahnetorte en Ted voor Quarksahnetorte.<br><br>De zuidkust, aan het Achterwasser, is maar een metertje hoog. Daarom zie je daar, als de wind goed staat, veel kitesurfers. De noordkust, aan de Oostzee, is hoger, zo’n 25 meter op het stuk dat wij vandaag bezoeken. De kust is er ook vrij steil. Voor de veiligheid van de badgasten is er een fraaie “Strandabgang” gebouwd.</p>
</div>
</div>



<div class="wp-block-columns is-layout-flex wp-container-core-columns-is-layout-9d6595d7 wp-block-columns-is-layout-flex">
<div class="wp-block-column is-layout-flow wp-block-column-is-layout-flow"></div>



<div class="wp-block-column is-layout-flow wp-block-column-is-layout-flow">
<figure class="wp-block-image size-large"><a href="https://tedenloesopreis.nl/wp-content/uploads/2023/11/IMG_1650-scaled.jpeg" target="_blank" rel="noreferrer noopener"><img loading="lazy" decoding="async" width="1024" height="768" src="https://tedenloesopreis.nl/wp-content/uploads/2023/11/IMG_1650-1024x768.jpeg" alt="" class="wp-image-4793" srcset="https://tedenloesopreis.nl/wp-content/uploads/2023/11/IMG_1650-1024x768.jpeg 1024w, https://tedenloesopreis.nl/wp-content/uploads/2023/11/IMG_1650-300x225.jpeg 300w, https://tedenloesopreis.nl/wp-content/uploads/2023/11/IMG_1650-768x576.jpeg 768w, https://tedenloesopreis.nl/wp-content/uploads/2023/11/IMG_1650-1536x1152.jpeg 1536w, https://tedenloesopreis.nl/wp-content/uploads/2023/11/IMG_1650-2048x1536.jpeg 2048w" sizes="auto, (max-width: 1024px) 100vw, 1024px" /></a><figcaption class="wp-element-caption"><em>de Oostzee vanaf Usedom</em></figcaption></figure>
</div>



<div class="wp-block-column is-layout-flow wp-block-column-is-layout-flow">
<figure class="wp-block-image size-large"><a href="https://tedenloesopreis.nl/wp-content/uploads/2023/11/IMG_1651-scaled.jpeg" target="_blank" rel="noreferrer noopener"><img loading="lazy" decoding="async" width="768" height="1024" src="https://tedenloesopreis.nl/wp-content/uploads/2023/11/IMG_1651-768x1024.jpeg" alt="" class="wp-image-4794" srcset="https://tedenloesopreis.nl/wp-content/uploads/2023/11/IMG_1651-768x1024.jpeg 768w, https://tedenloesopreis.nl/wp-content/uploads/2023/11/IMG_1651-225x300.jpeg 225w, https://tedenloesopreis.nl/wp-content/uploads/2023/11/IMG_1651-1152x1536.jpeg 1152w, https://tedenloesopreis.nl/wp-content/uploads/2023/11/IMG_1651-1536x2048.jpeg 1536w, https://tedenloesopreis.nl/wp-content/uploads/2023/11/IMG_1651-scaled.jpeg 1920w" sizes="auto, (max-width: 768px) 100vw, 768px" /></a><figcaption class="wp-element-caption"><em>Strandabgang op Usedom</em></figcaption></figure>
</div>
</div>



<div class="wp-block-columns is-layout-flex wp-container-core-columns-is-layout-9d6595d7 wp-block-columns-is-layout-flex">
<div class="wp-block-column is-layout-flow wp-block-column-is-layout-flow" style="flex-basis:33.33%"></div>



<div class="wp-block-column is-layout-flow wp-block-column-is-layout-flow" style="flex-basis:66.66%">
<p>Morgen verlaten we Usedom. Wat onze volgende bestemming is, hangt af van de aanwezigheid van vrije plaatsen.<br><br></p>
</div>
</div>



<div class="wp-block-columns is-layout-flex wp-container-core-columns-is-layout-9d6595d7 wp-block-columns-is-layout-flex">
<div class="wp-block-column is-layout-flow wp-block-column-is-layout-flow">
<p><em><a href="https://tedenloesopreis.nl/index.php/2020-2-14-even-naar-polen/">vorig verslag<br></a></em><br><br><br><br><br><br><br><br><br><br><br><br><br><br><br><br><br><br><br><br><br><br><br><br><br><br><br><br><br><br></p>
</div>



<div class="wp-block-column is-layout-flow wp-block-column-is-layout-flow">
<p class="has-text-align-center"><em><a href="https://tedenloesopreis.nl/index.php/2020-2-00c-naar-het-oosten/">Naar het oosten</a></em></p>
</div>



<div class="wp-block-column is-layout-flow wp-block-column-is-layout-flow">
<p class="has-text-align-right"><em><a href="https://tedenloesopreis.nl/index.php/2020-2-16-dagje-baksteengotiek/">volgend verslag</a></em></p>
</div>
</div>

<p>Noord-Duitsland 2020 &nbsp; &nbsp; &nbsp; dag 15 &nbsp; &nbsp; &nbsp; ma 7 september 2020 &nbsp; &nbsp; &nbsp;&nbsp;Ückeritz &#8211; Koserow v.v. &nbsp; &nbsp; RONDJE KOSEROW We besteden de ochtend [&hellip;]</p>
